prime factors of h?
79
Let y = -46 - -84. Let r = 44 + y. What are the prime factors of r?
2, 41
Let n(y) = -2*y**3 + 7*y + 3. Let j be n(-2). Suppose -92 = -b + j*p, -248 = 2*b - 6*b - 4*p. What are the prime factors of b?
67
Let u(m) be the first derivative of 2*m**3/3 + 7*m**2/2 - 11*m - 6. Let p be u(-6). Suppose 19 = 2*i - p. What are the prime factors of i?
19
Suppose -q = -4*d + 5 + 6, 5*q = -3*d - 9. Suppose 0 = -5*g + d*l + 1057, 6*l = -g + 4*l + 221. What are the prime factors of g?
3, 71
Suppose 0 = 2*w - 152 - 98. List the prime factors of w.
5
Suppose -3*d + 97 = 13. Let h = -16 + d. Let l = h + -6. What are the prime factors of l?
2, 3
Let l = 175 - 150. Suppose -2*s = -4*d, 3*d - l = s - 2*s. List the prime factors of s.
2, 5
Suppose 3*x - 3*z + 24 = -0*x, -z + 23 = -4*x. List the prime factors of (x/10)/(1/(-144)).
2, 3
Let b(y) = 3*y - 16. Suppose -j + 60 = 2*g, -4*g - 3*j = -0*g - 120. Suppose -2*s + g = 4*t, 3*s = 2*s - 3*t + 19. List the prime factors of b(s).
5
Let l = -22 + 16. Let s be (-12)/8 + l/(-4). Let j = 11 - s. List the prime factors of j.
11
Let n = -11 - -21. Suppose n*z - 5*z = 2*s - 38, z = -2*s - 10. Let a(j) = -j + 9. List the prime factors of a(z).
17
Suppose 77*w - 204614 = -70942. List the prime factors of w.
2, 7, 31
Let z = 1036 + -598. What are the prime factors of z?
2, 3, 73
Suppose f = 11*f - 6630. List the prime factors of f.
3, 13, 17
Let a(u) = u**2 + 7*u - 11. Let r be a(-8). Let o be (r + (-5)/(-2))*2. List the prime factors of 1/(o*1/(-15)).
3, 5
Let h(k) = -26*k + 27. Let b be h(1). Let j(x) be the second derivative of 7*x**4/12 - x**3/6 - 2*x. What are the prime factors of j(b)?
2, 3
Let i be (-4 - -3) + 27*1. Let z be (39/i)/((-6)/(-112)). Suppose -z = -4*n + 36. What are the prime factors of n?
2
Suppose -2*n + 6 + 70 = 0. What are the prime factors of n?
2, 19
Let v be (4/11)/((-2)/(-11)). Suppose 5*i = v*i + 171. List the prime factors of i.
3, 19
Let k(l) = l - 9. Let r be k(7). Let i(y) = 3*y**2 + y + 3. Let h(z) = 3*z**2 + 4. Let c(f) = -2*h(f) + 3*i(f). What are the prime factors of c(r)?
7
Let h(y) = -5*y + 1. Let r(f) = f. Let v(a) = h(a) + 6*r(a). Let d be v(1). What are the prime factors of (-12)/(-6) + 0 + d?
2
Suppose 4*h + 31 = -2*x - 9, -h = 2*x + 40. Let o be x/25*(-20)/(-2). What are the prime factors of 28/3*(-36)/o?
2, 3, 7
Let f be 1/2 - 4/8. Suppose 7*r - 2*r = f. Suppose -2*t + 136 = -0*a + 4*a, t = r. List the prime factors of a.
2, 17
Suppose 14*c = 11*c. List the prime factors of 54 - 3 - (c - 2).
53
Let v = -114 + 128. Suppose -7*d + v*d = 805. List the prime factors of d.
5, 23
Let c(j) be the first derivative of j**3/3 + 3*j**2/2 - j - 30. What are the prime factors of c(-11)?
3, 29
Suppose -3*w = -w. Let q = w - -5. Suppose -v - q*y + 4 + 5 = 0, -5*v - 5*y + 85 = 0. What are the prime factors of v?
19
Let s = 5291 + -2624. List the prime factors of s.
3, 7, 127
Let f = 90 + -78. What are the prime factors of (4 + 286 + -3)*f/14?
2, 3, 41
What are the prime factors of (-40)/30 - 34239/(-9)?
3803
Suppose 11*h - 11606 - 1495 = 0. What are the prime factors of h?
3, 397
Let a(x) = -x**2 - 11*x + 22. Let q be a(-10). Let h = 87 - q. List the prime factors of h.
5, 11
Suppose 0 = q - 5*q + 8. Let o be -3*2/6*7. Let r = q - o. List the prime factors of r.
3
Let c(r) = -554*r - 70. What are the prime factors of c(-3)?
2, 199
Let d = -765 + -179. List the prime factors of 2/7 + d/(-28).
2, 17
Suppose 60766 = 93*b - 428972. List the prime factors of b.
2, 2633
Let z = -2138 + 3707. What are the prime factors of z?
3, 523
Suppose 3*n - 4*n = -3. Suppose -c - 1 + n = 0. List the prime factors of (0 + 8)/(c/14).
2, 7
Let q(f) = f**3 + 13*f**2 + 20*f + 17. Let a be q(-7). Suppose -20*k = -19*k - a. List the prime factors of k.
3, 19
Suppose s + 4*b + 1 + 13 = 0, -b = -4*s + 12. Suppose -g + 2*l = -6, g + 0*g = -s*l - 6. Suppose -u + g*u = -9. List the prime factors of u.
3
Let w(p) = -p**3 + 7*p**2 - 4*p - 12. Let o be w(6). Suppose -2 = -3*g - d + 15, 5*g + 4*d - 40 = o. List the prime factors of g.
2
Suppose -9*k + 18 = -6*k. Suppose k*u - 580 = 932. What are the prime factors of u?
2, 3, 7
Let b be (-788)/18 - 4/18. Let d = b - -37. Let o = 8 - d. List the prime factors of o.
3, 5
Let v(o) = o**2 - 6*o + 9. Let c be v(4). List the prime factors of 1/(-5) - (c + 1668/(-15)).
2, 5, 11
Let l = -47 + 83. Suppose 9*p + l = 11*p. Let j = 38 - p. What are the prime factors of j?
2, 5
Suppose 4706 = 3*u + 5*y, -103 = -5*y - 98. What are the prime factors of u?
1567
Suppose -7*a - 11 = -39. Let s be (-1 + -2)/3*0. Suppose s = a*b - 80 + 4. What are the prime factors of b?
19
Let y(x) = 70*x**3 + x**2 + 14*x. What are the prime factors of y(4)?
2, 569
Let p = 15 - 10. Let j(c) = 3*c**3 + 25*c**2 + 10*c + 20. Let g be j(-8). Suppose -h + 4*x + 84 = 3*h, p*h - 60 = -g*x. What are the prime factors of h?
2
Let y(b) = -10*b + 0 + 0 + 4 - 1. What are the prime factors of y(-3)?
3, 11
Let f(w) = 2*w**3 + 24*w**2 + 9*w - 13. What are the prime factors of f(8)?
3, 97
Let c(n) be the first derivative of 2*n**2 - 9*n + 4. Let o(r) = -2*r + 4. Let z(w) = -3*c(w) - 7*o(w). List the prime factors of z(2).
3
Let u(r) = -128*r - 405. What are the prime factors of u(-24)?
3, 7, 127
Suppose -f + 0 = 4. Let r be (f/(-3))/((-4)/(-18)). Suppose 12 = r*d - 3*d. List the prime factors of d.
2
Suppose -5*b + 4200 = i, 2986 = 5*b + 2*i - 1214. Suppose -u + 2*k = 179, -2*k - b = 4*u - 104. Let w = -121 - u. List the prime factors of w.
2, 31
Let h = -71 + 79. What are the prime factors of 4*h/(-24) - (-199)/3?
5, 13
Let j be ((-3)/3)/((-2)/68). Let u = 21 - j. Let h = 21 + u. What are the prime factors of h?
2
Suppose 0 = v + 5 - 17. Suppose -8*n = -v*n. Suppose z + 4*c = 8, z + n*z = 4*c. List the prime factors of z.
2
Suppose 2565 = 15*x - 8775. What are the prime factors of x?
2, 3, 7
Let m = -1557 + 2647. List the prime factors of m.
2, 5, 109
Let w be -1*6/(-4)*10. Suppose -4*v + 1 = -w. List the prime factors of v.
2
Let x = 410 - -1526. List the prime factors of x.
2, 11
Let k(m) = m**2 - 8*m + 1. Let i be k(8). Let l(o) = 75*o + 1. What are the prime factors of l(i)?
2, 19
Let c(u) = -u**2 - 1. Let n(m) = -3*m**2 - 18*m + 6. Let w(t) = -4*c(t) + n(t). What are the prime factors of w(18)?
2, 5
Suppose -4*c + 6*d - 7*d = -3608, -3616 = -4*c + d. What are the prime factors of c?
3, 7, 43
Suppose 2*f + 0*f - 5*q = 15, 5*q + 5 = 0. Suppose -j = -f*i + 3*j + 323, 3*j = 4*i - 258. What are the prime factors of i?
3, 7
Let s(x) = -39*x + 58. List the prime factors of s(-14).
2, 151
Let m = -28 - -30. Suppose -4*c + w - 7 = 0, 3*c = m*c + 2*w. Let z(k) = -8*k**3 + k**2 + 4*k + 4. What are the prime factors of z(c)?
2
Suppose -7*o + 384 = -1751. What are the prime factors of o?
5, 61
Suppose -6*z - 11*z = -10693. List the prime factors of z.
17, 37
Let x(p) = p**3 + 3. Let s be x(0). Suppose 0 = -2*y - 3*d + 7, 4*y - 11 - 30 = s*d. Suppose t - 4*g - 64 = 0, t + 3*g = y*g + 67. List the prime factors of t.
2, 13
Let d(s) = -87*s - 403. List the prime factors of d(-19).
2, 5
Let t = 5 + 0. Suppose 5*g - f - 736 = 76, -2*f - 809 = -t*g. Let j = -111 + g. List the prime factors of j.
2, 13
Let k = -789 - -1598. List the prime factors of k.
809
Suppose -v + 103 = 28. Suppose -w = -2*w + v. Suppose 5*l - 3*p = w, 3*l + 49 = 6*l - p. What are the prime factors of l?
2, 3
What are the prime factors of ((-3)/(-12))/(1/828)?
3, 23
Let x(k) = 2*k + 596. List the prime factors of x(0).
2, 149
Let f(q) = -q**3 + 5*q**2 + 11*q + 6. Let p be f(6). Suppose 29 + p = g. List the prime factors of g.
5, 13
Let n = 7 - 3. Suppose -1 = -2*h - n*m - 15, 3 = -m. What are the prime factors of 1 - (h + -2 - 7)?
11
Let n(q) = -37*q + 161. What are the prime factors of n(-13)?
2, 3, 107
Let v(h) = h**3 + 12*h - 13*h**2 + 2*h - 3*h + 13. Let p be v(12). List the prime factors of (p + -8)*144/(-21).
2, 3
Let z(p) = -13*p + 25. Let t(r) = -5*r + 10*r + 2*r - r - 13. Let n(w) = 5*t(w) + 2*z(w). What are the prime factors of n(6)?
3
Let j(n) = 10*n**2 + 11*n - 91. List the prime factors of j(8).
7, 13
Let i = 1258 + -280. List the prime factors of i.
2, 3, 163
Suppose -4*k + 828 = -572. List the prime factors of k.
2, 5, 7
Let b(x) = x